o = -157 - -177. Suppose o*a - 11*a + 27 = 0. Calculate d(a).
9
Let q(u) = -9 - 6 + 0 + 4*u + 12. Calculate q(6).
21
Let d(v) = 80*v**3 + 79*v**3 - 158*v**3 + 6*v**2 + 4*v + 7. Calculate d(-5).
12
Let l(u) = -2*u + 2. Suppose 0 = -5*m - s + 34, -8*m - 3 = -9*m - 4*s. Give l(m).
-12
Let b(u) = -4*u - 7*u + u**3 + 6 - 3 - 10*u**2. Suppose -15 = -5*z, -3*q = -7*q - 4*z + 56. Calculate b(q).
3
Suppose 0*y = -3*y + 15. Suppose 5*n = 23 - 8. Let j(v) = 2*v**3 - n*v**3 + 15*v**2 - 7*v + 9*v**2 + 7 - 18*v**2. Calculate j(y).
-3
Let z(r) = 0 - r**2 - 9 + 11 - 6 + 3*r. Let k = -7 + 11. Suppose -f - k*f + 20 = 0. Give z(f).
-8
Let a(s) = s**2 - 6*s + 4. Let b(g) = -g**2 + 21*g - 17. Let x be b(20). Determine a(x).
-5
Let w(i) = i - 3. Let o(k) = -3*k + 2. Let a(h) = o(h) + 4*w(h). Determine a(5).
-5
Let b(j) = -j**3 + 5*j**2 - 843*j - 2 + 425*j + 427*j. Suppose -2*x + x + 6 = 0. What is b(x)?
16
Suppose -29*t + t - 252 = 0. Let a(j) = 4*j. Calculate a(t).
-36
Let g(k) = 16*k + 2. Let q(d) = 2*d. Let m(v) = -g(v) + 3*q(v). What is m(2)?
-22
Let l(v) = 2*v**2 + 5*v + 6. Let i(a) = -a**3 - 10*a**2 - 21*a - 45. Let h be i(-8). Determine l(h).
31
Let h(a) = -a**3 - a - 2. Let v(i) = 4 - i - 11*i**3 + 10*i**3 - 6. Let k(o) = 3*h(o) - 2*v(o). What is k(0)?
-2
Let k(j) = j**3 + 4*j**2 - 2*j + 1. Let g(f) = f**2 - 3*f + 1. Let n be g(5). Suppose s - n = -7. Suppose 3*o = -a + 2*a - 5, s*a + 28 = -4*o. Determine k(a).
9
Let a(g) = g**2 - 5*g + 1. Suppose 0*t - 2*t = 0. Suppose -2*z = s - t - 2, -3*s = 2*z - 10. What is a(s)?
-3
Let r(f) = -f**2 + 12*f - 9. Let z(m) = m - 1. Let t(j) = -r(j) + 5*z(j). Suppose 3*d - 9 = -3*a + 9, -a - 2*d + 2 = 0. Let u be (a/8)/(4/16). What is t(u)?
-6
Suppose -2*t + 2*n + 10 = 0, -6*t - 5*n - 7 = -9*t. Let o(w) = -w**3 + 10*w**2 - 7*w - 21. Calculate o(t).
-3
Let o(n) be the third derivative of n**4/24 - 11*n**3/6 - 21*n**2. Calculate o(0).
-11
Let t(b) = -2*b + 1. Let d(q) = -5*q + 11. Let r(o) = -d(o) + 2*t(o). Determine r(12).
3
Let l be (-1)/3*29/(232/192). Let k(g) = 2*g + 4. Give k(l).
-12
Let v = 8 - 4. Let h be (-12)/8*1*v. Let c(y) = 2 - 5*y + 0 - y**2 + 0*y**2. Determine c(h).
-4
Let d(f) = -2*f**2 - 8*f + 7. Let b(u) = u**2 + 21*u - 200. Let q be b(-28). Give d(q).
7
Let g(v) = -v**3 + 5*v**2 + 8*v - 7. Suppose 0*b - 1 = -b. Let z(w) = -4*w + 4*w - 3 + w - b. Let h be z(10). Determine g(h).
5
Let r(c) = 2*c - 2. Let o(q) = -q**3 + 4*q**2 + 4. Let m be o(4). Suppose 5*f - m = 6. Suppose f*a = 4*a - 4. Give r(a).
2
Let f(w) = 31*w + 8 - w - 15*w - 13*w. Determine f(-8).
-8
Let a(k) = 0*k**2 - 3 - 41*k + 13*k + 6*k + 2*k**2. Calculate a(11).
-3
Let k(s) = -s**2 + 5*s + 2. Let w be k(5). Let f(t) = -14 - t**2 + 0*t**2 + w*t**2 - 5*t - 5*t. Let l be f(11). Let m(a) = a**2 - 4. Determine m(l).
5
Let n = 16 - 19. Let v(j) be the second derivative of j**5/30 + 5*j**4/24 + j**3/2 - 5*j**2 + 4*j. Let r(q) be the first derivative of v(q). Give r(n).
6
Let g(p) be the second derivative of -p**3 - 4*p**2 + 434*p. Calculate g(-4).
16
Let u be (63/(-189))/(1/(-9)). Let h(z) be the second derivative of z**5/60 + z**3/2 + z. Let i(d) be the second derivative of h(d). Give i(u).
6
Let z be 26/3 - 9/(27/2). Let q(w) = z*w + 3 + w**2 - 19 + 9. What is q(-9)?
2
Let v(d) = 5*d**2 - 7*d + 6. Let s(g) = -12*g**2 + 16*g - 11. Let l(y) = -3*s(y) - 7*v(y). Calculate l(-4).
3
Let c(s) = -3 + 5 + 5 - 2 - 2*s. Suppose -378 = -0*v + 9*v. Let l = 47 + v. Determine c(l).
-5
Let t = 1029 - 1035. Let a(s) = 5*s**3 + 9*s**2 - 4*s + 6. Let k(u) = 4*u**3 + 8*u**2 - 5*u + 5. Let r(j) = 3*a(j) - 4*k(j). Determine r(t).
-14
Let l(o) = o**2 - o + 2. Let v = 106 + -72. Suppose 5*p - v = -14. Suppose p*d - 3*d = 0. Give l(d).
2
Let w(x) = x**2 + 5*x - 7. Let q be (-6)/18 + (-10)/6. Let i be (-94)/(6 + -2 + q). Let v be i/9 - (-20)/90. Give w(v).
-7
Suppose -3*w = 1 - 13. Suppose -3*n = -w*n. Suppose n = k + 4*k + 30. Let f(t) = -t + 1. Give f(k).
7
Let j(u) = 2*u**3 - 15*u**2 - 5*u - 18. Suppose -2*l - 25 = -5*l + z, 2*l = 2*z + 18. Give j(l).
6
Suppose -5*z = -2 + 7, 2*w + 1 = 3*z. Let f(l) be the second derivative of -l**2 - 1/20*l**5 - 1/4*l**4 + 0 - 2/3*l**3 + 11*l. Calculate f(w).
2
Let z(m) be the third derivative of -m**4/24 + m**3/2 + 80*m**2. What is z(-6)?
9
Suppose s = -4*s - 15, 9 = 3*d - s. Suppose d*g + g = 18. Let f(v) = -g*v**2 + v + 4*v**2 + v**2 + 12. Determine f(0).
12
Let g be (-38)/(-14) - 24/(-84). Suppose q + 2*d = -8, g*q + 6 = -4*d - 10. Let t(i) = i**3 + i. What is t(q)?
0
Let q(g) = -g**2 + 6*g - 6. Let j(t) = t. Let c(x) = -x**2 - 9*x - 1. Let a(k) = -2*c(k) - 22*j(k). Let v be a(2). Suppose -v = -2*d + 6. Give q(d).
2
Let f = -5 + 7. Let j(s) = -1 - s + f*s - 3*s + 3. Let m(d) = 4*d**2 + 3*d - 2. Let h be m(1). Calculate j(h).
-8
Let g(j) = 7*j**2 + 5*j + 2. Suppose 18*l + 37 = -17. What is g(l)?
50
Let a = 11 + -7. Suppose 6 = -r + a*r. Let m(l) be the third derivative of -l**4/6 + l**3/3 - 2*l**2 - 186*l. Give m(r).
-6
Let z = 7 - 12. Let m(x) = 2*x**2 - 4*x + 6. Let y(d) be the first derivative of -2*d**3/3 + 3*d**2/2 - 5*d - 2. Let c(i) = z*m(i) - 6*y(i). Give c(-2).
4
Let u(f) = 2*f**2 + f - 2. Let o = 9 + -1. Suppose 4*k - o = 5*k. Let y be (-3)/2*k/6. Calculate u(y).
8
Let h = 7 + -6. Let q be (h/(-1))/((-21)/(-63)). Let k(w) be the second derivative of -w**4/12 - w**3/6 - 3*w**2/2 + 2*w. What is k(q)?
-9
Let g(x) = x**2 + 3*x + 4. Suppose -3*r - 5*y = -4*y + 7, -2*r + 17 = 5*y. Determine g(r).
8
Let i(m) = -m**2 - 8*m + 9. Let u(t) = -6*t**2 - 40*t + 46. Let f(s) = 11*i(s) - 2*u(s). Calculate f(6).
-5
Let l(r) = r**3 - r**2 + 6. Let k(p) = 2*p - 33. Let d be k(15). Let j be (-3)/(-9)*d*-13. Let v = -13 + j. Determine l(v).
6
Suppose 5*n - p - 17 = 10, 5*p - 21 = -n. Let c(o) = -62*o - 6. Let v(m) = 22*m + 2. Let b(a) = -c(a) - 3*v(a). What is b(n)?
-24
Let z(c) = -c**2 - c - 1. Let r(a) = -5*a**2 - 6*a + 4. Let p(u) = -r(u) + 6*z(u). Suppose -5*d + d = 0. Determine p(d).
-10
Let m be (-29)/7 + 11/77. Let x be 2/m*(1 + -1). Let p(z) = -z**3 + z**2 + z + 9. Determine p(x).
9
Suppose -42*p + 496 = -104*p. Let d(r) = -r**2 - 11*r - 17. Calculate d(p).
7
Suppose 0*f - f - 4*x = -28, -f = 5*x - 33. Suppose 5*i + 2*y - 28 = 3*y, 3*i = 5*y + f. Let u(p) = 0*p + i*p - 3*p. Calculate u(-1).
-3
Suppose a + 4*i = 19, a = -a + 4*i - 10. Let x(h) = 4*h + 2 - a*h - 7 + 0. Determine x(6).
1
Let u(c) = 0*c**3 - 3*c**3 + 1 + 3*c - 3*c. Let q be 4/2 - 9/15*5. Determine u(q).
4
Let z = -197/10 + 101/5. Let v(u) be the second derivative of -3/2*u**2 - 3*u - 1/12*u**4 - z*u**3 + 0. Give v(-3).
-3
Let s be 8/(-40) + 537/(-15). Let h = s + 30. Let f(p) = p + 10. What is f(h)?
4
Let n(c) = -8*c + 3. Let t(p) = -27*p + 10. Let h(l) = -7*n(l) + 2*t(l). Determine h(-3).
-7
Suppose 0 = -2*d + 42 - 38. Let b(o) = o**2 - 4*o + 5. Let v be b(2). Let r(k) = 1. Let a(s) = -s + 6. Let c(j) = v*a(j) - 5*r(j). Determine c(d).
-1
Let r(j) = -j. Let f(q) = -2*q - 14. Let l(g) = -f(g) - r(g). Let b(t) = 2*t + 13. Let o(i) = 4*b(i) - 3*l(i). What is o(6)?
4
Let v(r) = 10*r**2 - 3*r**2 - 8 - 16*r + 14*r. Let i(p) = 15*p**2 - 3*p - 16. Let t(q) = 6*i(q) - 13*v(q). Give t(8).
8
Suppose 60*f - 62*f + 4 = 0. Let z(t) = -3*t + 5. Give z(f).
-1
Let i = -262 - -269. Let h(p) be the second derivative of p**4/12 - p**3 - 9*p**2/2 - p. Let u be h(i). Let s(b) = b**3 + 4*b**2 + b - 2. Determine s(u).
4
Suppose t - 5*t - 20 = 0. Let c(m) be the second derivative of -m**3/2 - 2*m**2 - 283*m + 1. What is c(t)?
11
Suppose 2 = 3*l - 7. Let m(y) = y**3 - 2*y**2 - 2*y - 1. Let f be m(l). Let d(u) = 3*u + f + 6 - 12. What is d(3)?
5
Let c(i) = 11*i**2 - 1. Suppose 8 = -2*l - 2*z, 13*z - 8*z + 11 = 4*l. Give c(l).
10
Let u(i) = -13*i**3 + i**2 - 2*i - 2. Let d(a) = a**2 + 5*a - 25. Let t be d(-8). Calculate u(t).
14
Let h(c) be the second derivative of -c**3/6 - 7*c**2/2 - 5*c. Suppose 3*z = -4*i - 40, 6*z - 2*z + 12 = 5*i. Give h(z).
1
Let h(y) be the second derivative of -5*y**4/6 + y**3/2 + y**2 + 27*y - 4. Calculate h(-1).
-11
Let h(m) = m - 5. Suppose 0 = 2*i - 9 + 1. Let a(b) = -2*b + i*b**2 - 13 - 6*b - b - 5*b**2. Let o be a(-6). Determine h(o).
0
Let d = -3 - -20. Let j(a) = -a + 5*a - 11 - 5 + d. Let b(i) = -i**3 - 5*i**2 + 5*i - 7. Let x be b(-6). Determine j(x).
-3
Let j